{"id":1705,"date":"2026-03-30T14:56:37","date_gmt":"2026-03-30T13:56:37","guid":{"rendered":"https:\/\/www.embellissonslatouraine.fr\/?page_id=1705"},"modified":"2026-03-30T14:56:49","modified_gmt":"2026-03-30T13:56:49","slug":"snhf","status":"publish","type":"page","link":"https:\/\/www.embellissonslatouraine.fr\/index.php\/snhf\/","title":{"rendered":"SNHF"},"content":{"rendered":"\t\t<div data-elementor-type=\"wp-page\" data-elementor-id=\"1705\" class=\"elementor elementor-1705\">\n\t\t\t\t<div class=\"elementor-element elementor-element-013b89a e-flex e-con-boxed e-con e-parent\" data-id=\"013b89a\" data-element_type=\"container\" data-e-type=\"container\">\n\t\t\t\t\t<div class=\"e-con-inner\">\n\t\t\t\t<div class=\"elementor-element elementor-element-508643b elementor-widget elementor-widget-heading\" data-id=\"508643b\" data-element_type=\"widget\" data-e-type=\"widget\" data-widget_type=\"heading.default\">\n\t\t\t\t\t<h2 class=\"elementor-heading-title elementor-size-default\">CONCOURS NATIONAL DES JARDINS POTAGERS<\/h2>\t\t\t\t<\/div>\n\t\t\t\t\t<\/div>\n\t\t\t\t<\/div>\n\t\t<div class=\"elementor-element elementor-element-3c051a0 e-grid e-con-boxed e-con e-parent\" data-id=\"3c051a0\" data-element_type=\"container\" data-e-type=\"container\">\n\t\t\t\t\t<div class=\"e-con-inner\">\n\t\t\t\t<div class=\"elementor-element elementor-element-f3ee873 elementor-widget elementor-widget-text-editor\" data-id=\"f3ee873\" data-element_type=\"widget\" data-e-type=\"widget\" data-widget_type=\"text-editor.default\">\n\t\t\t\t\t\t\t\t\t<p><strong>Cr\u00e9\u00e9 en 2001, le Concours National des Jardins Potagers (CNJP) r\u00e9compense des potagers remarquables au niveau de la diversit\u00e9 des esp\u00e8ces et des vari\u00e9t\u00e9s cultiv\u00e9es, des pratiques de jardinage et de l\u2019esth\u00e9tisme du jardin.<\/strong><\/p><p><strong>\u00a0<\/strong>Le Concours National des Jardins Potagers tient compte de la diversit\u00e9 des potagers, de leur environnement et de leur vocation. Qu\u2019ils soient attenants \u00e0 la maison, dans un ensemble collectif de jardins, situ\u00e9s dans un environnement paysager, dans un jardin partag\u00e9 ou \u00e0 vocation p\u00e9dagogique, inscrivez-vous dans la cat\u00e9gorie qui vous convient\u00a0:<\/p><ul><li><strong>Cat\u00e9gorie 1 :\u00a0<\/strong>Jardinier amateur cultivant<br \/>lui-m\u00eame un jardin potager privatif pour le besoin personnel et familial<\/li><li><strong>Cat\u00e9gorie 2 :\u00a0<\/strong>Jardinier amateur cultivant<br \/>lui-m\u00eame un jardin potager dans un ensemble collectif de jardins pour le besoin personnel et familial<\/li><li><strong>Cat\u00e9gorie 3 :\u00a0<\/strong>Jardin potager privatif situ\u00e9 dans un environnement paysager\u00a0: ch\u00e2teau, grand parc\u2026<\/li><li><strong>Cat\u00e9gorie 4 :\u00a0<\/strong>Jardin potager \u00e0 vocation p\u00e9dagogique r\u00e9alis\u00e9 sur initiative individuelle ou avec la participation d\u2019associations utilisant le jardinage<\/li><li><strong>\u00a0Cat\u00e9gorie 5 :<\/strong>\u00a0Jardin potager partag\u00e9 mis en place et cultiv\u00e9 au sein d\u2019une entreprise ou par une association<\/li><li><strong>Cat\u00e9gorie 6 :<\/strong>\u00a0Jardin potager th\u00e9rapeutique<\/li><\/ul>\t\t\t\t\t\t\t\t<\/div>\n\t\t\t\t<div class=\"elementor-element elementor-element-17c3425 elementor-widget elementor-widget-image\" data-id=\"17c3425\" data-element_type=\"widget\" data-e-type=\"widget\" data-widget_type=\"image.default\">\n\t\t\t\t\t\t\t\t\t\t\t\t\t\t\t\t<a href=\"https:\/\/www.snhf.org\/concours-national-des-jardins-potagers\/\" target=\"_blank\">\n\t\t\t\t\t\t\t<img fetchpriority=\"high\" decoding=\"async\" width=\"683\" height=\"1024\" src=\"https:\/\/www.embellissonslatouraine.fr\/wp-content\/uploads\/2026\/03\/Affiche-CNJP-2026_V2-1366x2048-1-683x1024.jpg\" class=\"attachment-large size-large wp-image-1706\" alt=\"\" srcset=\"https:\/\/www.embellissonslatouraine.fr\/wp-content\/uploads\/2026\/03\/Affiche-CNJP-2026_V2-1366x2048-1-683x1024.jpg 683w, https:\/\/www.embellissonslatouraine.fr\/wp-content\/uploads\/2026\/03\/Affiche-CNJP-2026_V2-1366x2048-1-200x300.jpg 200w, https:\/\/www.embellissonslatouraine.fr\/wp-content\/uploads\/2026\/03\/Affiche-CNJP-2026_V2-1366x2048-1-768x1151.jpg 768w, https:\/\/www.embellissonslatouraine.fr\/wp-content\/uploads\/2026\/03\/Affiche-CNJP-2026_V2-1366x2048-1-1025x1536.jpg 1025w, https:\/\/www.embellissonslatouraine.fr\/wp-content\/uploads\/2026\/03\/Affiche-CNJP-2026_V2-1366x2048-1.jpg 1366w\" sizes=\"(max-width: 683px) 100vw, 683px\" \/>\t\t\t\t\t\t\t\t<\/a>\n\t\t\t\t\t\t\t\t\t\t\t\t\t\t\t<\/div>\n\t\t\t\t\t<\/div>\n\t\t\t\t<\/div>\n\t\t<div class=\"elementor-element elementor-element-47b3fc5 e-flex e-con-boxed e-con e-parent\" data-id=\"47b3fc5\" data-element_type=\"container\" data-e-type=\"container\">\n\t\t\t\t\t<div class=\"e-con-inner\">\n\t\t\t\t<div class=\"elementor-element elementor-element-382c537 elementor-widget elementor-widget-heading\" data-id=\"382c537\" data-element_type=\"widget\" data-e-type=\"widget\" data-widget_type=\"heading.default\">\n\t\t\t\t\t<h2 class=\"elementor-heading-title elementor-size-default\">CONCOURS \"JARDINS SECRETS\" <\/h2>\t\t\t\t<\/div>\n\t\t\t\t\t<\/div>\n\t\t\t\t<\/div>\n\t\t<div class=\"elementor-element elementor-element-1a63ae5 e-grid e-con-boxed e-con e-parent\" data-id=\"1a63ae5\" data-element_type=\"container\" data-e-type=\"container\">\n\t\t\t\t\t<div class=\"e-con-inner\">\n\t\t\t\t<div class=\"elementor-element elementor-element-c7df8d9 elementor-widget elementor-widget-image\" data-id=\"c7df8d9\" data-element_type=\"widget\" data-e-type=\"widget\" data-widget_type=\"image.default\">\n\t\t\t\t\t\t\t\t\t\t\t\t\t\t\t\t<a href=\"https:\/\/www.snhf.org\/concours-jardins-secrets\/\">\n\t\t\t\t\t\t\t<img decoding=\"async\" width=\"215\" height=\"300\" src=\"https:\/\/www.embellissonslatouraine.fr\/wp-content\/uploads\/2026\/03\/2026-Concours-Jardins-sercrets-RVB-734x1024-1-215x300.jpg\" class=\"attachment-medium size-medium wp-image-1707\" alt=\"\" srcset=\"https:\/\/www.embellissonslatouraine.fr\/wp-content\/uploads\/2026\/03\/2026-Concours-Jardins-sercrets-RVB-734x1024-1-215x300.jpg 215w, https:\/\/www.embellissonslatouraine.fr\/wp-content\/uploads\/2026\/03\/2026-Concours-Jardins-sercrets-RVB-734x1024-1.jpg 734w\" sizes=\"(max-width: 215px) 100vw, 215px\" \/>\t\t\t\t\t\t\t\t<\/a>\n\t\t\t\t\t\t\t\t\t\t\t\t\t\t\t<\/div>\n\t\t\t\t<div class=\"elementor-element elementor-element-422ff0b elementor-widget elementor-widget-text-editor\" data-id=\"422ff0b\" data-element_type=\"widget\" data-e-type=\"widget\" data-widget_type=\"text-editor.default\">\n\t\t\t\t\t\t\t\t\t<p>\u00a0<\/p><p>\u00ab Jardins secrets \u00bb, le concours national des jardins d\u2019agr\u00e9ment priv\u00e9s, s\u2019adresse \u00e0 tous les particuliers propri\u00e9taires d\u2019un jardin priv\u00e9 de quelque dimension qu\u2019il soit. Organis\u00e9 par la SNHF, le concours a pour objectif de r\u00e9v\u00e9ler au public des jardins priv\u00e9s de grande qualit\u00e9. La SNHF entend c\u00e9l\u00e9brer le talent des jardiniers amateurs, d\u00e9butants ou aguerris, et partager leurs bonnes pratiques au b\u00e9n\u00e9fice de chacun et du v\u00e9g\u00e9tal.<\/p><p><strong>Les dossiers de candidature sont disponibles en ligne, \u00e0 partir du 3 mars. Les candidatures devront \u00eatre d\u00e9pos\u00e9es avant le 10 mai \u00e0 16 heures. Le palmar\u00e8s sera d\u00e9voil\u00e9 en d\u00e9cembre.<\/strong><\/p>\t\t\t\t\t\t\t\t<\/div>\n\t\t\t\t\t<\/div>\n\t\t\t\t<\/div>\n\t\t\t\t<\/div>\n\t\t","protected":false},"excerpt":{"rendered":"<p>CONCOURS NATIONAL DES JARDINS POTAGERS Cr\u00e9\u00e9 en 2001, le Concours National des Jardins Potagers (CNJP) r\u00e9compense des potagers remarquables au niveau de la diversit\u00e9 des esp\u00e8ces et des vari\u00e9t\u00e9s cultiv\u00e9es, des pratiques de jardinage et de l\u2019esth\u00e9tisme du jardin. \u00a0Le Concours National des Jardins Potagers tient compte de la diversit\u00e9 des potagers, de leur environnement [&hellip;]<\/p>\n","protected":false},"author":2,"featured_media":103,"parent":0,"menu_order":0,"comment_status":"closed","ping_status":"closed","template":"elementor_header_footer","meta":{"_eb_attr":"","ocean_post_layout":"","ocean_both_sidebars_style":"","ocean_both_sidebars_content_width":0,"ocean_both_sidebars_sidebars_width":0,"ocean_sidebar":"","ocean_second_sidebar":"","ocean_disable_margins":"enable","ocean_add_body_class":"","ocean_shortcode_before_top_bar":"","ocean_shortcode_after_top_bar":"","ocean_shortcode_before_header":"","ocean_shortcode_after_header":"","ocean_has_shortcode":"","ocean_shortcode_after_title":"","ocean_shortcode_before_footer_widgets":"","ocean_shortcode_after_footer_widgets":"","ocean_shortcode_before_footer_bottom":"","ocean_shortcode_after_footer_bottom":"","ocean_display_top_bar":"default","ocean_display_header":"default","ocean_header_style":"","ocean_center_header_left_menu":"","ocean_custom_header_template":"","ocean_custom_logo":0,"ocean_custom_retina_logo":0,"ocean_custom_logo_max_width":0,"ocean_custom_logo_tablet_max_width":0,"ocean_custom_logo_mobile_max_width":0,"ocean_custom_logo_max_height":0,"ocean_custom_logo_tablet_max_height":0,"ocean_custom_logo_mobile_max_height":0,"ocean_header_custom_menu":"","ocean_menu_typo_font_family":"","ocean_menu_typo_font_subset":"","ocean_menu_typo_font_size":0,"ocean_menu_typo_font_size_tablet":0,"ocean_menu_typo_font_size_mobile":0,"ocean_menu_typo_font_size_unit":"px","ocean_menu_typo_font_weight":"","ocean_menu_typo_font_weight_tablet":"","ocean_menu_typo_font_weight_mobile":"","ocean_menu_typo_transform":"","ocean_menu_typo_transform_tablet":"","ocean_menu_typo_transform_mobile":"","ocean_menu_typo_line_height":0,"ocean_menu_typo_line_height_tablet":0,"ocean_menu_typo_line_height_mobile":0,"ocean_menu_typo_line_height_unit":"","ocean_menu_typo_spacing":0,"ocean_menu_typo_spacing_tablet":0,"ocean_menu_typo_spacing_mobile":0,"ocean_menu_typo_spacing_unit":"","ocean_menu_link_color":"","ocean_menu_link_color_hover":"","ocean_menu_link_color_active":"","ocean_menu_link_background":"","ocean_menu_link_hover_background":"","ocean_menu_link_active_background":"","ocean_menu_social_links_bg":"","ocean_menu_social_hover_links_bg":"","ocean_menu_social_links_color":"","ocean_menu_social_hover_links_color":"","ocean_disable_title":"default","ocean_disable_heading":"default","ocean_post_title":"","ocean_post_subheading":"","ocean_post_title_style":"","ocean_post_title_background_color":"","ocean_post_title_background":0,"ocean_post_title_bg_image_position":"","ocean_post_title_bg_image_attachment":"","ocean_post_title_bg_image_repeat":"","ocean_post_title_bg_image_size":"","ocean_post_title_height":0,"ocean_post_title_bg_overlay":0.5,"ocean_post_title_bg_overlay_color":"","ocean_disable_breadcrumbs":"default","ocean_breadcrumbs_color":"","ocean_breadcrumbs_separator_color":"","ocean_breadcrumbs_links_color":"","ocean_breadcrumbs_links_hover_color":"","ocean_display_footer_widgets":"default","ocean_display_footer_bottom":"default","ocean_custom_footer_template":"","footnotes":""},"class_list":["post-1705","page","type-page","status-publish","has-post-thumbnail","hentry","entry","has-media"],"yoast_head":"<!-- This site is optimized with the Yoast SEO plugin v27.6 - https:\/\/yoast.com\/product\/yoast-seo-wordpress\/ -->\n<title>SNHF - Embellissons la Touraine<\/title>\n<meta name=\"description\" content=\"Embellissons la Touraine. Fleurissement des villes et villages d&#039;Indre et Loire. Conseils, inscriptions aux concours, Labels.\" \/>\n<meta name=\"robots\" content=\"index, follow, max-snippet:-1, max-image-preview:large, max-video-preview:-1\" \/>\n<link rel=\"canonical\" href=\"https:\/\/www.embellissonslatouraine.fr\/index.php\/snhf\/\" \/>\n<meta property=\"og:locale\" content=\"fr_FR\" \/>\n<meta property=\"og:type\" content=\"article\" \/>\n<meta property=\"og:title\" content=\"SNHF - Embellissons la Touraine\" \/>\n<meta property=\"og:description\" content=\"Embellissons la Touraine. Fleurissement des villes et villages d&#039;Indre et Loire. Conseils, inscriptions aux concours, Labels.\" \/>\n<meta property=\"og:url\" content=\"https:\/\/www.embellissonslatouraine.fr\/index.php\/snhf\/\" \/>\n<meta property=\"og:site_name\" content=\"Embellissons la Touraine\" \/>\n<meta property=\"article:modified_time\" content=\"2026-03-30T13:56:49+00:00\" \/>\n<meta property=\"og:image\" content=\"http:\/\/www.embellissonslatouraine.fr\/wp-content\/uploads\/2025\/10\/accueil.jpg\" \/>\n\t<meta property=\"og:image:width\" content=\"1116\" \/>\n\t<meta property=\"og:image:height\" content=\"285\" \/>\n\t<meta property=\"og:image:type\" content=\"image\/jpeg\" \/>\n<meta name=\"twitter:card\" content=\"summary_large_image\" \/>\n<meta name=\"twitter:label1\" content=\"Dur\u00e9e de lecture estim\u00e9e\" \/>\n\t<meta name=\"twitter:data1\" content=\"2 minutes\" \/>\n<script type=\"application\/ld+json\" class=\"yoast-schema-graph\">{\"@context\":\"https:\\\/\\\/schema.org\",\"@graph\":[{\"@type\":\"WebPage\",\"@id\":\"https:\\\/\\\/www.embellissonslatouraine.fr\\\/index.php\\\/snhf\\\/\",\"url\":\"https:\\\/\\\/www.embellissonslatouraine.fr\\\/index.php\\\/snhf\\\/\",\"name\":\"SNHF - Embellissons la Touraine\",\"isPartOf\":{\"@id\":\"https:\\\/\\\/www.embellissonslatouraine.fr\\\/#website\"},\"primaryImageOfPage\":{\"@id\":\"https:\\\/\\\/www.embellissonslatouraine.fr\\\/index.php\\\/snhf\\\/#primaryimage\"},\"image\":{\"@id\":\"https:\\\/\\\/www.embellissonslatouraine.fr\\\/index.php\\\/snhf\\\/#primaryimage\"},\"thumbnailUrl\":\"https:\\\/\\\/www.embellissonslatouraine.fr\\\/wp-content\\\/uploads\\\/2025\\\/10\\\/accueil.jpg\",\"datePublished\":\"2026-03-30T13:56:37+00:00\",\"dateModified\":\"2026-03-30T13:56:49+00:00\",\"description\":\"Embellissons la Touraine. Fleurissement des villes et villages d'Indre et Loire. Conseils, inscriptions aux concours, Labels.\",\"breadcrumb\":{\"@id\":\"https:\\\/\\\/www.embellissonslatouraine.fr\\\/index.php\\\/snhf\\\/#breadcrumb\"},\"inLanguage\":\"fr-FR\",\"potentialAction\":[{\"@type\":\"ReadAction\",\"target\":[\"https:\\\/\\\/www.embellissonslatouraine.fr\\\/index.php\\\/snhf\\\/\"]}]},{\"@type\":\"ImageObject\",\"inLanguage\":\"fr-FR\",\"@id\":\"https:\\\/\\\/www.embellissonslatouraine.fr\\\/index.php\\\/snhf\\\/#primaryimage\",\"url\":\"https:\\\/\\\/www.embellissonslatouraine.fr\\\/wp-content\\\/uploads\\\/2025\\\/10\\\/accueil.jpg\",\"contentUrl\":\"https:\\\/\\\/www.embellissonslatouraine.fr\\\/wp-content\\\/uploads\\\/2025\\\/10\\\/accueil.jpg\",\"width\":1116,\"height\":285},{\"@type\":\"BreadcrumbList\",\"@id\":\"https:\\\/\\\/www.embellissonslatouraine.fr\\\/index.php\\\/snhf\\\/#breadcrumb\",\"itemListElement\":[{\"@type\":\"ListItem\",\"position\":1,\"name\":\"Accueil\",\"item\":\"https:\\\/\\\/www.embellissonslatouraine.fr\\\/\"},{\"@type\":\"ListItem\",\"position\":2,\"name\":\"SNHF\"}]},{\"@type\":\"WebSite\",\"@id\":\"https:\\\/\\\/www.embellissonslatouraine.fr\\\/#website\",\"url\":\"https:\\\/\\\/www.embellissonslatouraine.fr\\\/\",\"name\":\"Embellissons la Touraine\",\"description\":\"Embellissons la Touraine\",\"publisher\":{\"@id\":\"https:\\\/\\\/www.embellissonslatouraine.fr\\\/#organization\"},\"potentialAction\":[{\"@type\":\"SearchAction\",\"target\":{\"@type\":\"EntryPoint\",\"urlTemplate\":\"https:\\\/\\\/www.embellissonslatouraine.fr\\\/?s={search_term_string}\"},\"query-input\":{\"@type\":\"PropertyValueSpecification\",\"valueRequired\":true,\"valueName\":\"search_term_string\"}}],\"inLanguage\":\"fr-FR\"},{\"@type\":\"Organization\",\"@id\":\"https:\\\/\\\/www.embellissonslatouraine.fr\\\/#organization\",\"name\":\"Embellissons la Touraine\",\"url\":\"https:\\\/\\\/www.embellissonslatouraine.fr\\\/\",\"logo\":{\"@type\":\"ImageObject\",\"inLanguage\":\"fr-FR\",\"@id\":\"https:\\\/\\\/www.embellissonslatouraine.fr\\\/#\\\/schema\\\/logo\\\/image\\\/\",\"url\":\"https:\\\/\\\/www.embellissonslatouraine.fr\\\/wp-content\\\/uploads\\\/2025\\\/10\\\/LOGO-OFFICIEL-VILLES-ET-VILLAGES-FLEURIS-JPEG.jpg\",\"contentUrl\":\"https:\\\/\\\/www.embellissonslatouraine.fr\\\/wp-content\\\/uploads\\\/2025\\\/10\\\/LOGO-OFFICIEL-VILLES-ET-VILLAGES-FLEURIS-JPEG.jpg\",\"width\":1578,\"height\":481,\"caption\":\"Embellissons la Touraine\"},\"image\":{\"@id\":\"https:\\\/\\\/www.embellissonslatouraine.fr\\\/#\\\/schema\\\/logo\\\/image\\\/\"}}]}<\/script>\n<!-- \/ Yoast SEO plugin. -->","yoast_head_json":{"title":"SNHF - Embellissons la Touraine","description":"Embellissons la Touraine. Fleurissement des villes et villages d'Indre et Loire. Conseils, inscriptions aux concours, Labels.","robots":{"index":"index","follow":"follow","max-snippet":"max-snippet:-1","max-image-preview":"max-image-preview:large","max-video-preview":"max-video-preview:-1"},"canonical":"https:\/\/www.embellissonslatouraine.fr\/index.php\/snhf\/","og_locale":"fr_FR","og_type":"article","og_title":"SNHF - Embellissons la Touraine","og_description":"Embellissons la Touraine. Fleurissement des villes et villages d'Indre et Loire. Conseils, inscriptions aux concours, Labels.","og_url":"https:\/\/www.embellissonslatouraine.fr\/index.php\/snhf\/","og_site_name":"Embellissons la Touraine","article_modified_time":"2026-03-30T13:56:49+00:00","og_image":[{"width":1116,"height":285,"url":"http:\/\/www.embellissonslatouraine.fr\/wp-content\/uploads\/2025\/10\/accueil.jpg","type":"image\/jpeg"}],"twitter_card":"summary_large_image","twitter_misc":{"Dur\u00e9e de lecture estim\u00e9e":"2 minutes"},"schema":{"@context":"https:\/\/schema.org","@graph":[{"@type":"WebPage","@id":"https:\/\/www.embellissonslatouraine.fr\/index.php\/snhf\/","url":"https:\/\/www.embellissonslatouraine.fr\/index.php\/snhf\/","name":"SNHF - Embellissons la Touraine","isPartOf":{"@id":"https:\/\/www.embellissonslatouraine.fr\/#website"},"primaryImageOfPage":{"@id":"https:\/\/www.embellissonslatouraine.fr\/index.php\/snhf\/#primaryimage"},"image":{"@id":"https:\/\/www.embellissonslatouraine.fr\/index.php\/snhf\/#primaryimage"},"thumbnailUrl":"https:\/\/www.embellissonslatouraine.fr\/wp-content\/uploads\/2025\/10\/accueil.jpg","datePublished":"2026-03-30T13:56:37+00:00","dateModified":"2026-03-30T13:56:49+00:00","description":"Embellissons la Touraine. Fleurissement des villes et villages d'Indre et Loire. Conseils, inscriptions aux concours, Labels.","breadcrumb":{"@id":"https:\/\/www.embellissonslatouraine.fr\/index.php\/snhf\/#breadcrumb"},"inLanguage":"fr-FR","potentialAction":[{"@type":"ReadAction","target":["https:\/\/www.embellissonslatouraine.fr\/index.php\/snhf\/"]}]},{"@type":"ImageObject","inLanguage":"fr-FR","@id":"https:\/\/www.embellissonslatouraine.fr\/index.php\/snhf\/#primaryimage","url":"https:\/\/www.embellissonslatouraine.fr\/wp-content\/uploads\/2025\/10\/accueil.jpg","contentUrl":"https:\/\/www.embellissonslatouraine.fr\/wp-content\/uploads\/2025\/10\/accueil.jpg","width":1116,"height":285},{"@type":"BreadcrumbList","@id":"https:\/\/www.embellissonslatouraine.fr\/index.php\/snhf\/#breadcrumb","itemListElement":[{"@type":"ListItem","position":1,"name":"Accueil","item":"https:\/\/www.embellissonslatouraine.fr\/"},{"@type":"ListItem","position":2,"name":"SNHF"}]},{"@type":"WebSite","@id":"https:\/\/www.embellissonslatouraine.fr\/#website","url":"https:\/\/www.embellissonslatouraine.fr\/","name":"Embellissons la Touraine","description":"Embellissons la Touraine","publisher":{"@id":"https:\/\/www.embellissonslatouraine.fr\/#organization"},"potentialAction":[{"@type":"SearchAction","target":{"@type":"EntryPoint","urlTemplate":"https:\/\/www.embellissonslatouraine.fr\/?s={search_term_string}"},"query-input":{"@type":"PropertyValueSpecification","valueRequired":true,"valueName":"search_term_string"}}],"inLanguage":"fr-FR"},{"@type":"Organization","@id":"https:\/\/www.embellissonslatouraine.fr\/#organization","name":"Embellissons la Touraine","url":"https:\/\/www.embellissonslatouraine.fr\/","logo":{"@type":"ImageObject","inLanguage":"fr-FR","@id":"https:\/\/www.embellissonslatouraine.fr\/#\/schema\/logo\/image\/","url":"https:\/\/www.embellissonslatouraine.fr\/wp-content\/uploads\/2025\/10\/LOGO-OFFICIEL-VILLES-ET-VILLAGES-FLEURIS-JPEG.jpg","contentUrl":"https:\/\/www.embellissonslatouraine.fr\/wp-content\/uploads\/2025\/10\/LOGO-OFFICIEL-VILLES-ET-VILLAGES-FLEURIS-JPEG.jpg","width":1578,"height":481,"caption":"Embellissons la Touraine"},"image":{"@id":"https:\/\/www.embellissonslatouraine.fr\/#\/schema\/logo\/image\/"}}]}},"_links":{"self":[{"href":"https:\/\/www.embellissonslatouraine.fr\/index.php\/wp-json\/wp\/v2\/pages\/1705","targetHints":{"allow":["GET"]}}],"collection":[{"href":"https:\/\/www.embellissonslatouraine.fr\/index.php\/wp-json\/wp\/v2\/pages"}],"about":[{"href":"https:\/\/www.embellissonslatouraine.fr\/index.php\/wp-json\/wp\/v2\/types\/page"}],"author":[{"embeddable":true,"href":"https:\/\/www.embellissonslatouraine.fr\/index.php\/wp-json\/wp\/v2\/users\/2"}],"replies":[{"embeddable":true,"href":"https:\/\/www.embellissonslatouraine.fr\/index.php\/wp-json\/wp\/v2\/comments?post=1705"}],"version-history":[{"count":3,"href":"https:\/\/www.embellissonslatouraine.fr\/index.php\/wp-json\/wp\/v2\/pages\/1705\/revisions"}],"predecessor-version":[{"id":1711,"href":"https:\/\/www.embellissonslatouraine.fr\/index.php\/wp-json\/wp\/v2\/pages\/1705\/revisions\/1711"}],"wp:featuredmedia":[{"embeddable":true,"href":"https:\/\/www.embellissonslatouraine.fr\/index.php\/wp-json\/wp\/v2\/media\/103"}],"wp:attachment":[{"href":"https:\/\/www.embellissonslatouraine.fr\/index.php\/wp-json\/wp\/v2\/media?parent=1705"}],"curies":[{"name":"wp","href":"https:\/\/api.w.org\/{rel}","templated":true}]}}