{"id":1441,"date":"2026-03-24T15:55:28","date_gmt":"2026-03-24T14:55:28","guid":{"rendered":"https:\/\/www.embellissonslatouraine.fr\/?page_id=1441"},"modified":"2026-04-07T10:22:01","modified_gmt":"2026-04-07T09:22:01","slug":"ambroisies","status":"publish","type":"page","link":"https:\/\/www.embellissonslatouraine.fr\/index.php\/ambroisies\/","title":{"rendered":"AMBROISIES"},"content":{"rendered":"\t\t<div data-elementor-type=\"wp-page\" data-elementor-id=\"1441\" class=\"elementor elementor-1441\">\n\t\t\t\t<div class=\"elementor-element elementor-element-3c051a0 e-grid e-con-boxed e-con e-parent\" data-id=\"3c051a0\" data-element_type=\"container\" data-e-type=\"container\">\n\t\t\t\t\t<div class=\"e-con-inner\">\n\t\t\t\t<div class=\"elementor-element elementor-element-f3ee873 elementor-widget elementor-widget-text-editor\" data-id=\"f3ee873\" data-element_type=\"widget\" data-e-type=\"widget\" data-widget_type=\"text-editor.default\">\n\t\t\t\t\t\t\t\t\t<p>L\u2019ambroisie est une\u00a0plante envahissante\u00a0qui repr\u00e9sente une double menace : pour la\u00a0<a href=\"https:\/\/ambroisie-risque.info\/les-risques-pour-la-sante-humaine\/\">sant\u00e9 humaine<\/a>\u00a0et\u00a0<a href=\"https:\/\/ambroisie-risque.info\/ambroisie-et-agriculture\/\">pour l\u2019agriculture<\/a>. Son pollen, hautement allergisant, provoque chaque ann\u00e9e des r\u00e9actions s\u00e9v\u00e8res chez des milliers de personnes. En parall\u00e8le, sa pr\u00e9sence dans les cultures r\u00e9duit les rendements agricoles et engendre des co\u00fbts suppl\u00e9mentaires pour les agriculteurs. En France, sa prolif\u00e9ration constitue un d\u00e9fi majeur pour prot\u00e9ger \u00e0 la fois la sant\u00e9 publique et la productivit\u00e9 agricole.<\/p>\t\t\t\t\t\t\t\t<\/div>\n\t\t<div class=\"elementor-element elementor-element-954d9a6 e-grid e-con-full e-con e-child\" data-id=\"954d9a6\" data-element_type=\"container\" data-e-type=\"container\">\n\t\t\t\t<div class=\"elementor-element elementor-element-c8f3ffa elementor-widget elementor-widget-text-editor\" data-id=\"c8f3ffa\" data-element_type=\"widget\" data-e-type=\"widget\" data-widget_type=\"text-editor.default\">\n\t\t\t\t\t\t\t\t\t<p>Pour faciliter la gestion de cette esp\u00e8ce, la<strong>\u00a0<a href=\"https:\/\/signalement-ambroisie.atlasante.fr\/apropos\/\">Plateforme de Signalement des ambroisies<\/a><\/strong>\u00a0a \u00e9t\u00e9 mise en place.<\/p><p>Toute personne peut signaler la pr\u00e9sence de ces esp\u00e8ces sur une zone. Cette d\u00e9marche vise \u00e0 encourager une action collective et coordonn\u00e9e pour\u00a0<a href=\"https:\/\/ambroisie-risque.info\/comment-lutter-contre-lambroisie\/\">g\u00e9rer efficacement<\/a>\u00a0le risque repr\u00e9sent\u00e9 par ces esp\u00e8ces.<\/p>\t\t\t\t\t\t\t\t<\/div>\n\t\t\t\t<div class=\"elementor-element elementor-element-6251929 elementor-widget elementor-widget-image\" data-id=\"6251929\" data-element_type=\"widget\" data-e-type=\"widget\" data-widget_type=\"image.default\">\n\t\t\t\t\t\t\t\t\t\t\t\t\t\t\t\t<a href=\"https:\/\/signalement-ambroisie.atlasante.fr\/apropos\/pr-sentation\" target=\"_blank\">\n\t\t\t\t\t\t\t<img decoding=\"async\" width=\"300\" height=\"150\" src=\"https:\/\/www.embellissonslatouraine.fr\/wp-content\/uploads\/2026\/03\/signalement-Ambroisie.png\" class=\"attachment-large size-large wp-image-1447\" alt=\"\" \/>\t\t\t\t\t\t\t\t<\/a>\n\t\t\t\t\t\t\t\t\t\t\t\t\t\t\t<\/div>\n\t\t\t\t<\/div>\n\t\t\t\t<div class=\"elementor-element elementor-element-bc4c0b8 elementor-widget elementor-widget-heading\" data-id=\"bc4c0b8\" data-element_type=\"widget\" data-e-type=\"widget\" data-widget_type=\"heading.default\">\n\t\t\t\t\t<h2 class=\"elementor-heading-title elementor-size-default\">R\u00f4le du maire et du r\u00e9f\u00e9rent ambroisie<\/h2>\t\t\t\t<\/div>\n\t\t\t\t<div class=\"elementor-element elementor-element-37e14d3 elementor-widget elementor-widget-text-editor\" data-id=\"37e14d3\" data-element_type=\"widget\" data-e-type=\"widget\" data-widget_type=\"text-editor.default\">\n\t\t\t\t\t\t\t\t\t<p><strong>Le maire est la premi\u00e8re personne concern\u00e9e par la s\u00e9curit\u00e9 sanitaire de ses concitoyens<\/strong>. Il doit se r\u00e9f\u00e9rer \u00e0 la r\u00e9glementation sp\u00e9cifique \u00e0 la lutte contre les ambroisies existantes et g\u00e9rer le risque ambroisie par des mesures proportionn\u00e9es.<\/p><p><strong>Un r\u00e9f\u00e9rent ambroisie est un \u00e9lu local et\/ou un agent territorial et\/ou un b\u00e9n\u00e9vole<\/strong> ayant plusieurs r\u00f4les de m\u00e9diation dans la lutte contre l\u2019ambroisie :<\/p><p><img decoding=\"async\" class=\"alignnone wp-image-532\" src=\"https:\/\/ambroisie-risque.info\/wp-content\/uploads\/2021\/04\/fleche-jaune.png\" alt=\"\" width=\"8\" height=\"8\" \/>\u00a0\u00a0Rep\u00e9rer les zones colonis\u00e9es et inviter les personnes concern\u00e9es \u00e0 agir<br \/><img decoding=\"async\" class=\"alignnone wp-image-532\" src=\"https:\/\/ambroisie-risque.info\/wp-content\/uploads\/2021\/04\/fleche-jaune.png\" alt=\"\" width=\"8\" height=\"8\" \/>\u00a0\u00a0Orchestrer la lutte sur le territoire communal<br \/><img decoding=\"async\" class=\"alignnone wp-image-532\" src=\"https:\/\/ambroisie-risque.info\/wp-content\/uploads\/2021\/04\/fleche-jaune.png\" alt=\"\" width=\"8\" height=\"8\" \/>\u00a0\u00a0Contribuer, sous l\u2019autorit\u00e9 du maire, au respect de la r\u00e9glementation en vigueur<br \/><img decoding=\"async\" class=\"alignnone wp-image-532\" src=\"https:\/\/ambroisie-risque.info\/wp-content\/uploads\/2021\/04\/fleche-jaune.png\" alt=\"\" width=\"8\" height=\"8\" \/>\u00a0\u00a0Communiquer et faire remonter l\u2019information en cas de difficult\u00e9<\/p>\t\t\t\t\t\t\t\t<\/div>\n\t\t\t\t<div class=\"elementor-element elementor-element-b495a42 elementor-widget elementor-widget-heading\" data-id=\"b495a42\" data-element_type=\"widget\" data-e-type=\"widget\" data-widget_type=\"heading.default\">\n\t\t\t\t\t<h2 class=\"elementor-heading-title elementor-size-default\">Comment d\u00e9signer un r\u00e9f\u00e9rent ambroisie ?<\/h2>\t\t\t\t<\/div>\n\t\t\t\t<div class=\"elementor-element elementor-element-68b131a elementor-widget elementor-widget-text-editor\" data-id=\"68b131a\" data-element_type=\"widget\" data-e-type=\"widget\" data-widget_type=\"text-editor.default\">\n\t\t\t\t\t\t\t\t\t<p>La collectivit\u00e9 doit remplir le formulaire suivant :\u00a0<a href=\"https:\/\/signalement-ambroisie.atlasante.fr\/inscription\">https:\/\/signalement-ambroisie.atlasante.fr\/inscription<\/a><br \/>D\u00e8s validation, la mairie et le r\u00e9f\u00e9rent recevront un mail de confirmation, un login et mot de passe pour la plateforme de signalement.<\/p><p><strong>Le r\u00e9f\u00e9rent ambroisie a pour r\u00f4le :<\/strong>\u00a0(Se r\u00e9f\u00e9rer \u00e0 l\u2019<a href=\"https:\/\/www.legifrance.gouv.fr\/codes\/article_lc\/LEGIARTI000034506118\/\">article R. 1338-8<\/a>\u00a0du CSP)<\/p><p><img decoding=\"async\" class=\"alignnone wp-image-532\" src=\"https:\/\/ambroisie-risque.info\/wp-content\/uploads\/2021\/04\/fleche-jaune.png\" alt=\"\" width=\"8\" height=\"8\" \/>\u00a0\u00a0Rep\u00e9rer la pr\u00e9sence de ces esp\u00e8ces ;<br \/><img decoding=\"async\" class=\"alignnone wp-image-532\" src=\"https:\/\/ambroisie-risque.info\/wp-content\/uploads\/2021\/04\/fleche-jaune.png\" alt=\"\" width=\"8\" height=\"8\" \/>\u00a0\u00a0Participer \u00e0 leur surveillance ;<br \/><img decoding=\"async\" class=\"alignnone wp-image-532\" src=\"https:\/\/ambroisie-risque.info\/wp-content\/uploads\/2021\/04\/fleche-jaune.png\" alt=\"\" width=\"8\" height=\"8\" \/>\u00a0 Informer les personnes concern\u00e9es des mesures \u00e0 mettre en \u0153uvre pour pr\u00e9venir l\u2019apparition de ces esp\u00e8ces ou pour lutter contre leur prolif\u00e9ration en application de l\u2019arr\u00eat\u00e9 pr\u00e9fectoral mentionn\u00e9 \u00e0 l\u2019article R. 1338-4\u00a0;<br \/><img decoding=\"async\" class=\"alignnone wp-image-532\" src=\"https:\/\/ambroisie-risque.info\/wp-content\/uploads\/2021\/04\/fleche-jaune.png\" alt=\"\" width=\"8\" height=\"8\" \/>\u00a0\u00a0Veiller et participer \u00e0 la mise en \u0153uvre de ces mesures.<\/p>\t\t\t\t\t\t\t\t<\/div>\n\t\t\t\t<div class=\"elementor-element elementor-element-ebdd1d0 elementor-widget elementor-widget-image\" data-id=\"ebdd1d0\" data-element_type=\"widget\" data-e-type=\"widget\" data-widget_type=\"image.default\">\n\t\t\t\t\t\t\t\t\t\t\t\t<figure class=\"wp-caption\">\n\t\t\t\t\t\t\t\t\t\t\t<a href=\"https:\/\/ambroisie-risque.info\/\" target=\"_blank\">\n\t\t\t\t\t\t\t<img fetchpriority=\"high\" decoding=\"async\" width=\"300\" height=\"192\" src=\"https:\/\/www.embellissonslatouraine.fr\/wp-content\/uploads\/2026\/03\/Observatoire-des-ambroisies-300x192.jpg\" class=\"attachment-medium size-medium wp-image-1448\" alt=\"\" srcset=\"https:\/\/www.embellissonslatouraine.fr\/wp-content\/uploads\/2026\/03\/Observatoire-des-ambroisies-300x192.jpg 300w, https:\/\/www.embellissonslatouraine.fr\/wp-content\/uploads\/2026\/03\/Observatoire-des-ambroisies.jpg 474w\" sizes=\"(max-width: 300px) 100vw, 300px\" \/>\t\t\t\t\t\t\t\t<\/a>\n\t\t\t\t\t\t\t\t\t\t\t<figcaption class=\"widget-image-caption wp-caption-text\">Cliquer pour acc\u00e9der au site<\/figcaption>\n\t\t\t\t\t\t\t\t\t\t<\/figure>\n\t\t\t\t\t\t\t\t\t<\/div>\n\t\t\t\t\t<\/div>\n\t\t\t\t<\/div>\n\t\t<div class=\"elementor-element elementor-element-9520502 e-flex e-con-boxed e-con e-parent\" data-id=\"9520502\" data-element_type=\"container\" data-e-type=\"container\">\n\t\t\t\t\t<div class=\"e-con-inner\">\n\t\t\t\t<div class=\"elementor-element elementor-element-ead8b6f elementor-widget elementor-widget-heading\" data-id=\"ead8b6f\" data-element_type=\"widget\" data-e-type=\"widget\" data-widget_type=\"heading.default\">\n\t\t\t\t\t<h2 class=\"elementor-heading-title elementor-size-default\">Contact en r\u00e9gion Centre Val de Loire<\/h2>\t\t\t\t<\/div>\n\t\t\t\t\t<\/div>\n\t\t\t\t<\/div>\n\t\t<div class=\"elementor-element elementor-element-06f99ed e-flex e-con-boxed e-con e-parent\" data-id=\"06f99ed\" data-element_type=\"container\" data-e-type=\"container\">\n\t\t\t\t\t<div class=\"e-con-inner\">\n\t\t\t\t<div class=\"elementor-element elementor-element-f6f1cf2 elementor-widget elementor-widget-text-editor\" data-id=\"f6f1cf2\" data-element_type=\"widget\" data-e-type=\"widget\" data-widget_type=\"text-editor.default\">\n\t\t\t\t\t\t\t\t\t<div>\n<p><b>Les coordinateurs sont d\u00e9l\u00e9gataires des Agences R\u00e9gionales de Sant\u00e9 sur les missions ambroisie.<\/b><\/p>\n<p>En r\u00e9gion Centre Val de Loire vous pouvez prendre contact aves Louise B\u00e9lamy de la FREDON centre Val de Loire :<\/p>\n<p>louise.belamy@fredon-centrevaldeloire.fr<\/p>\n<p><span style=\"color: rgb(33, 37, 41); font-family: &quot;Source Sans Pro&quot;, sans-serif; font-size: 16px; font-style: normal; font-variant-ligatures: normal; font-variant-caps: normal; font-weight: 400; background-color: rgb(248, 248, 248);\">06 08 73 22 88<\/span><\/p>\n<p><\/p>\n<\/div>\t\t\t\t\t\t\t\t<\/div>\n\t\t\t\t\t<\/div>\n\t\t\t\t<\/div>\n\t\t\t\t<\/div>\n\t\t","protected":false},"excerpt":{"rendered":"<p>L\u2019ambroisie est une\u00a0plante envahissante\u00a0qui repr\u00e9sente une double menace : pour la\u00a0sant\u00e9 humaine\u00a0et\u00a0pour l\u2019agriculture. Son pollen, hautement allergisant, provoque chaque ann\u00e9e des r\u00e9actions s\u00e9v\u00e8res chez des milliers de personnes. En parall\u00e8le, sa pr\u00e9sence dans les cultures r\u00e9duit les rendements agricoles et engendre des co\u00fbts suppl\u00e9mentaires pour les agriculteurs. En France, sa prolif\u00e9ration constitue un d\u00e9fi majeur [&hellip;]<\/p>\n","protected":false},"author":2,"featured_media":103,"parent":0,"menu_order":0,"comment_status":"closed","ping_status":"closed","template":"elementor_header_footer","meta":{"_eb_attr":"","ocean_post_layout":"","ocean_both_sidebars_style":"","ocean_both_sidebars_content_width":0,"ocean_both_sidebars_sidebars_width":0,"ocean_sidebar":"","ocean_second_sidebar":"","ocean_disable_margins":"enable","ocean_add_body_class":"","ocean_shortcode_before_top_bar":"","ocean_shortcode_after_top_bar":"","ocean_shortcode_before_header":"","ocean_shortcode_after_header":"","ocean_has_shortcode":"","ocean_shortcode_after_title":"","ocean_shortcode_before_footer_widgets":"","ocean_shortcode_after_footer_widgets":"","ocean_shortcode_before_footer_bottom":"","ocean_shortcode_after_footer_bottom":"","ocean_display_top_bar":"default","ocean_display_header":"default","ocean_header_style":"","ocean_center_header_left_menu":"","ocean_custom_header_template":"","ocean_custom_logo":0,"ocean_custom_retina_logo":0,"ocean_custom_logo_max_width":0,"ocean_custom_logo_tablet_max_width":0,"ocean_custom_logo_mobile_max_width":0,"ocean_custom_logo_max_height":0,"ocean_custom_logo_tablet_max_height":0,"ocean_custom_logo_mobile_max_height":0,"ocean_header_custom_menu":"","ocean_menu_typo_font_family":"","ocean_menu_typo_font_subset":"","ocean_menu_typo_font_size":0,"ocean_menu_typo_font_size_tablet":0,"ocean_menu_typo_font_size_mobile":0,"ocean_menu_typo_font_size_unit":"px","ocean_menu_typo_font_weight":"","ocean_menu_typo_font_weight_tablet":"","ocean_menu_typo_font_weight_mobile":"","ocean_menu_typo_transform":"","ocean_menu_typo_transform_tablet":"","ocean_menu_typo_transform_mobile":"","ocean_menu_typo_line_height":0,"ocean_menu_typo_line_height_tablet":0,"ocean_menu_typo_line_height_mobile":0,"ocean_menu_typo_line_height_unit":"","ocean_menu_typo_spacing":0,"ocean_menu_typo_spacing_tablet":0,"ocean_menu_typo_spacing_mobile":0,"ocean_menu_typo_spacing_unit":"","ocean_menu_link_color":"","ocean_menu_link_color_hover":"","ocean_menu_link_color_active":"","ocean_menu_link_background":"","ocean_menu_link_hover_background":"","ocean_menu_link_active_background":"","ocean_menu_social_links_bg":"","ocean_menu_social_hover_links_bg":"","ocean_menu_social_links_color":"","ocean_menu_social_hover_links_color":"","ocean_disable_title":"default","ocean_disable_heading":"default","ocean_post_title":"","ocean_post_subheading":"","ocean_post_title_style":"","ocean_post_title_background_color":"","ocean_post_title_background":0,"ocean_post_title_bg_image_position":"","ocean_post_title_bg_image_attachment":"","ocean_post_title_bg_image_repeat":"","ocean_post_title_bg_image_size":"","ocean_post_title_height":0,"ocean_post_title_bg_overlay":0.5,"ocean_post_title_bg_overlay_color":"","ocean_disable_breadcrumbs":"default","ocean_breadcrumbs_color":"","ocean_breadcrumbs_separator_color":"","ocean_breadcrumbs_links_color":"","ocean_breadcrumbs_links_hover_color":"","ocean_display_footer_widgets":"default","ocean_display_footer_bottom":"default","ocean_custom_footer_template":"","footnotes":""},"class_list":["post-1441","page","type-page","status-publish","has-post-thumbnail","hentry","entry","has-media"],"yoast_head":"<!-- This site is optimized with the Yoast SEO plugin v27.5 - https:\/\/yoast.com\/product\/yoast-seo-wordpress\/ -->\n<title>AMBROISIES - Embellissons la Touraine<\/title>\n<meta name=\"description\" content=\"Embellissons la Touraine. Fleurissement des villes et villages d&#039;Indre et Loire. Conseils, inscriptions aux concours, Labels.\" \/>\n<meta name=\"robots\" content=\"index, follow, max-snippet:-1, max-image-preview:large, max-video-preview:-1\" \/>\n<link rel=\"canonical\" href=\"https:\/\/www.embellissonslatouraine.fr\/index.php\/ambroisies\/\" \/>\n<meta property=\"og:locale\" content=\"fr_FR\" \/>\n<meta property=\"og:type\" content=\"article\" \/>\n<meta property=\"og:title\" content=\"AMBROISIES - Embellissons la Touraine\" \/>\n<meta property=\"og:description\" content=\"Embellissons la Touraine. Fleurissement des villes et villages d&#039;Indre et Loire. Conseils, inscriptions aux concours, Labels.\" \/>\n<meta property=\"og:url\" content=\"https:\/\/www.embellissonslatouraine.fr\/index.php\/ambroisies\/\" \/>\n<meta property=\"og:site_name\" content=\"Embellissons la Touraine\" \/>\n<meta property=\"article:modified_time\" content=\"2026-04-07T09:22:01+00:00\" \/>\n<meta property=\"og:image\" content=\"http:\/\/www.embellissonslatouraine.fr\/wp-content\/uploads\/2025\/10\/accueil.jpg\" \/>\n\t<meta property=\"og:image:width\" content=\"1116\" \/>\n\t<meta property=\"og:image:height\" content=\"285\" \/>\n\t<meta property=\"og:image:type\" content=\"image\/jpeg\" \/>\n<meta name=\"twitter:card\" content=\"summary_large_image\" \/>\n<meta name=\"twitter:label1\" content=\"Dur\u00e9e de lecture estim\u00e9e\" \/>\n\t<meta name=\"twitter:data1\" content=\"4 minutes\" \/>\n<script type=\"application\/ld+json\" class=\"yoast-schema-graph\">{\"@context\":\"https:\\\/\\\/schema.org\",\"@graph\":[{\"@type\":\"WebPage\",\"@id\":\"https:\\\/\\\/www.embellissonslatouraine.fr\\\/index.php\\\/ambroisies\\\/\",\"url\":\"https:\\\/\\\/www.embellissonslatouraine.fr\\\/index.php\\\/ambroisies\\\/\",\"name\":\"AMBROISIES - Embellissons la Touraine\",\"isPartOf\":{\"@id\":\"https:\\\/\\\/www.embellissonslatouraine.fr\\\/#website\"},\"primaryImageOfPage\":{\"@id\":\"https:\\\/\\\/www.embellissonslatouraine.fr\\\/index.php\\\/ambroisies\\\/#primaryimage\"},\"image\":{\"@id\":\"https:\\\/\\\/www.embellissonslatouraine.fr\\\/index.php\\\/ambroisies\\\/#primaryimage\"},\"thumbnailUrl\":\"https:\\\/\\\/www.embellissonslatouraine.fr\\\/wp-content\\\/uploads\\\/2025\\\/10\\\/accueil.jpg\",\"datePublished\":\"2026-03-24T14:55:28+00:00\",\"dateModified\":\"2026-04-07T09:22:01+00:00\",\"description\":\"Embellissons la Touraine. Fleurissement des villes et villages d'Indre et Loire. Conseils, inscriptions aux concours, Labels.\",\"breadcrumb\":{\"@id\":\"https:\\\/\\\/www.embellissonslatouraine.fr\\\/index.php\\\/ambroisies\\\/#breadcrumb\"},\"inLanguage\":\"fr-FR\",\"potentialAction\":[{\"@type\":\"ReadAction\",\"target\":[\"https:\\\/\\\/www.embellissonslatouraine.fr\\\/index.php\\\/ambroisies\\\/\"]}]},{\"@type\":\"ImageObject\",\"inLanguage\":\"fr-FR\",\"@id\":\"https:\\\/\\\/www.embellissonslatouraine.fr\\\/index.php\\\/ambroisies\\\/#primaryimage\",\"url\":\"https:\\\/\\\/www.embellissonslatouraine.fr\\\/wp-content\\\/uploads\\\/2025\\\/10\\\/accueil.jpg\",\"contentUrl\":\"https:\\\/\\\/www.embellissonslatouraine.fr\\\/wp-content\\\/uploads\\\/2025\\\/10\\\/accueil.jpg\",\"width\":1116,\"height\":285},{\"@type\":\"BreadcrumbList\",\"@id\":\"https:\\\/\\\/www.embellissonslatouraine.fr\\\/index.php\\\/ambroisies\\\/#breadcrumb\",\"itemListElement\":[{\"@type\":\"ListItem\",\"position\":1,\"name\":\"Accueil\",\"item\":\"https:\\\/\\\/www.embellissonslatouraine.fr\\\/\"},{\"@type\":\"ListItem\",\"position\":2,\"name\":\"AMBROISIES\"}]},{\"@type\":\"WebSite\",\"@id\":\"https:\\\/\\\/www.embellissonslatouraine.fr\\\/#website\",\"url\":\"https:\\\/\\\/www.embellissonslatouraine.fr\\\/\",\"name\":\"Embellissons la Touraine\",\"description\":\"Embellissons la Touraine\",\"publisher\":{\"@id\":\"https:\\\/\\\/www.embellissonslatouraine.fr\\\/#organization\"},\"potentialAction\":[{\"@type\":\"SearchAction\",\"target\":{\"@type\":\"EntryPoint\",\"urlTemplate\":\"https:\\\/\\\/www.embellissonslatouraine.fr\\\/?s={search_term_string}\"},\"query-input\":{\"@type\":\"PropertyValueSpecification\",\"valueRequired\":true,\"valueName\":\"search_term_string\"}}],\"inLanguage\":\"fr-FR\"},{\"@type\":\"Organization\",\"@id\":\"https:\\\/\\\/www.embellissonslatouraine.fr\\\/#organization\",\"name\":\"Embellissons la Touraine\",\"url\":\"https:\\\/\\\/www.embellissonslatouraine.fr\\\/\",\"logo\":{\"@type\":\"ImageObject\",\"inLanguage\":\"fr-FR\",\"@id\":\"https:\\\/\\\/www.embellissonslatouraine.fr\\\/#\\\/schema\\\/logo\\\/image\\\/\",\"url\":\"https:\\\/\\\/www.embellissonslatouraine.fr\\\/wp-content\\\/uploads\\\/2025\\\/10\\\/LOGO-OFFICIEL-VILLES-ET-VILLAGES-FLEURIS-JPEG.jpg\",\"contentUrl\":\"https:\\\/\\\/www.embellissonslatouraine.fr\\\/wp-content\\\/uploads\\\/2025\\\/10\\\/LOGO-OFFICIEL-VILLES-ET-VILLAGES-FLEURIS-JPEG.jpg\",\"width\":1578,\"height\":481,\"caption\":\"Embellissons la Touraine\"},\"image\":{\"@id\":\"https:\\\/\\\/www.embellissonslatouraine.fr\\\/#\\\/schema\\\/logo\\\/image\\\/\"}}]}<\/script>\n<!-- \/ Yoast SEO plugin. -->","yoast_head_json":{"title":"AMBROISIES - Embellissons la Touraine","description":"Embellissons la Touraine. Fleurissement des villes et villages d'Indre et Loire. Conseils, inscriptions aux concours, Labels.","robots":{"index":"index","follow":"follow","max-snippet":"max-snippet:-1","max-image-preview":"max-image-preview:large","max-video-preview":"max-video-preview:-1"},"canonical":"https:\/\/www.embellissonslatouraine.fr\/index.php\/ambroisies\/","og_locale":"fr_FR","og_type":"article","og_title":"AMBROISIES - Embellissons la Touraine","og_description":"Embellissons la Touraine. Fleurissement des villes et villages d'Indre et Loire. Conseils, inscriptions aux concours, Labels.","og_url":"https:\/\/www.embellissonslatouraine.fr\/index.php\/ambroisies\/","og_site_name":"Embellissons la Touraine","article_modified_time":"2026-04-07T09:22:01+00:00","og_image":[{"width":1116,"height":285,"url":"http:\/\/www.embellissonslatouraine.fr\/wp-content\/uploads\/2025\/10\/accueil.jpg","type":"image\/jpeg"}],"twitter_card":"summary_large_image","twitter_misc":{"Dur\u00e9e de lecture estim\u00e9e":"4 minutes"},"schema":{"@context":"https:\/\/schema.org","@graph":[{"@type":"WebPage","@id":"https:\/\/www.embellissonslatouraine.fr\/index.php\/ambroisies\/","url":"https:\/\/www.embellissonslatouraine.fr\/index.php\/ambroisies\/","name":"AMBROISIES - Embellissons la Touraine","isPartOf":{"@id":"https:\/\/www.embellissonslatouraine.fr\/#website"},"primaryImageOfPage":{"@id":"https:\/\/www.embellissonslatouraine.fr\/index.php\/ambroisies\/#primaryimage"},"image":{"@id":"https:\/\/www.embellissonslatouraine.fr\/index.php\/ambroisies\/#primaryimage"},"thumbnailUrl":"https:\/\/www.embellissonslatouraine.fr\/wp-content\/uploads\/2025\/10\/accueil.jpg","datePublished":"2026-03-24T14:55:28+00:00","dateModified":"2026-04-07T09:22:01+00:00","description":"Embellissons la Touraine. Fleurissement des villes et villages d'Indre et Loire. Conseils, inscriptions aux concours, Labels.","breadcrumb":{"@id":"https:\/\/www.embellissonslatouraine.fr\/index.php\/ambroisies\/#breadcrumb"},"inLanguage":"fr-FR","potentialAction":[{"@type":"ReadAction","target":["https:\/\/www.embellissonslatouraine.fr\/index.php\/ambroisies\/"]}]},{"@type":"ImageObject","inLanguage":"fr-FR","@id":"https:\/\/www.embellissonslatouraine.fr\/index.php\/ambroisies\/#primaryimage","url":"https:\/\/www.embellissonslatouraine.fr\/wp-content\/uploads\/2025\/10\/accueil.jpg","contentUrl":"https:\/\/www.embellissonslatouraine.fr\/wp-content\/uploads\/2025\/10\/accueil.jpg","width":1116,"height":285},{"@type":"BreadcrumbList","@id":"https:\/\/www.embellissonslatouraine.fr\/index.php\/ambroisies\/#breadcrumb","itemListElement":[{"@type":"ListItem","position":1,"name":"Accueil","item":"https:\/\/www.embellissonslatouraine.fr\/"},{"@type":"ListItem","position":2,"name":"AMBROISIES"}]},{"@type":"WebSite","@id":"https:\/\/www.embellissonslatouraine.fr\/#website","url":"https:\/\/www.embellissonslatouraine.fr\/","name":"Embellissons la Touraine","description":"Embellissons la Touraine","publisher":{"@id":"https:\/\/www.embellissonslatouraine.fr\/#organization"},"potentialAction":[{"@type":"SearchAction","target":{"@type":"EntryPoint","urlTemplate":"https:\/\/www.embellissonslatouraine.fr\/?s={search_term_string}"},"query-input":{"@type":"PropertyValueSpecification","valueRequired":true,"valueName":"search_term_string"}}],"inLanguage":"fr-FR"},{"@type":"Organization","@id":"https:\/\/www.embellissonslatouraine.fr\/#organization","name":"Embellissons la Touraine","url":"https:\/\/www.embellissonslatouraine.fr\/","logo":{"@type":"ImageObject","inLanguage":"fr-FR","@id":"https:\/\/www.embellissonslatouraine.fr\/#\/schema\/logo\/image\/","url":"https:\/\/www.embellissonslatouraine.fr\/wp-content\/uploads\/2025\/10\/LOGO-OFFICIEL-VILLES-ET-VILLAGES-FLEURIS-JPEG.jpg","contentUrl":"https:\/\/www.embellissonslatouraine.fr\/wp-content\/uploads\/2025\/10\/LOGO-OFFICIEL-VILLES-ET-VILLAGES-FLEURIS-JPEG.jpg","width":1578,"height":481,"caption":"Embellissons la Touraine"},"image":{"@id":"https:\/\/www.embellissonslatouraine.fr\/#\/schema\/logo\/image\/"}}]}},"_links":{"self":[{"href":"https:\/\/www.embellissonslatouraine.fr\/index.php\/wp-json\/wp\/v2\/pages\/1441","targetHints":{"allow":["GET"]}}],"collection":[{"href":"https:\/\/www.embellissonslatouraine.fr\/index.php\/wp-json\/wp\/v2\/pages"}],"about":[{"href":"https:\/\/www.embellissonslatouraine.fr\/index.php\/wp-json\/wp\/v2\/types\/page"}],"author":[{"embeddable":true,"href":"https:\/\/www.embellissonslatouraine.fr\/index.php\/wp-json\/wp\/v2\/users\/2"}],"replies":[{"embeddable":true,"href":"https:\/\/www.embellissonslatouraine.fr\/index.php\/wp-json\/wp\/v2\/comments?post=1441"}],"version-history":[{"count":21,"href":"https:\/\/www.embellissonslatouraine.fr\/index.php\/wp-json\/wp\/v2\/pages\/1441\/revisions"}],"predecessor-version":[{"id":1770,"href":"https:\/\/www.embellissonslatouraine.fr\/index.php\/wp-json\/wp\/v2\/pages\/1441\/revisions\/1770"}],"wp:featuredmedia":[{"embeddable":true,"href":"https:\/\/www.embellissonslatouraine.fr\/index.php\/wp-json\/wp\/v2\/media\/103"}],"wp:attachment":[{"href":"https:\/\/www.embellissonslatouraine.fr\/index.php\/wp-json\/wp\/v2\/media?parent=1441"}],"curies":[{"name":"wp","href":"https:\/\/api.w.org\/{rel}","templated":true}]}}